{"id":2,"date":"2011-12-12T02:17:12","date_gmt":"2011-12-12T02:17:12","guid":{"rendered":"http:\/\/article.austinzhang.com\/?page_id=2"},"modified":"2024-12-09T22:12:08","modified_gmt":"2024-12-09T14:12:08","slug":"about-me","status":"publish","type":"page","link":"http:\/\/austinzhang.com\/?page_id=2","title":{"rendered":"\u5173\u4e8e\u6211 Who Am I"},"content":{"rendered":"<p><span style=\"font-weight: 300;\">\u4e00\u4e2a\u6cd5\u5b66\u535a\u58eb\uff0c\u4e00\u4e2a\u89c6\u89c9\u521b\u610f\u8005\uff0c\u4e00\u4e2a\u4e0d\u6e05\u695a\u8de8\u4e86\u591a\u5c11\u754c\u5b66\u8005\uff0c\u6211<\/span><span style=\"font-weight: 300;\">\u662f\u4e00\u4e2a\u5206\u88c2\u7684\u4eba\u3002<\/span><\/p>\n<p>I am a fragmented person: a PhD in law, a visual creator, and a scholar who is unclear about how many boundaries I have crossed.<\/p>\n<p>Un doctor en derecho, un creador visual, un acad\u00e9mico que no sabe cu\u00e1ntas fronteras ha cruzado, soy una persona dividida.<\/p>\n<p>\u8ffd\u68a6\u8005\u662f\u6211\uff0c\u56e0\u4e3a\u6211\u559c\u6b22\u6d3b\u5728\u68a6\u91cc\uff0c\u5916\u9762\u7684\u4e16\u754c\u5f88\u7cbe\u5f69\uff0c\u6211\u77e5\u9053\u7684\uff0c\u4e0d\u8fc7\u90fd\u6ca1\u6709\u81ea\u5df1\u7684\u4e16\u754c\u7eaf\u51c0\u6709\u8da3\u3002\u6211\u4eab\u53d7\u5b64\u72ec\uff0c\u4f46\u662f\u5e76\u4e0d\u6392\u65a5\u4e0e\u4eba\u4ea4\u5f80\uff0c\u6211\u793e\u6050\uff0c\u53ef\u662f\u613f\u610f\u540c\u6709\u8da3\u7684\u4eba\u5f80\u6765\u3002\u5403\u5403\u559d\u559d\u7684\u4e8b\u4e0d\u5728\u6211\u8bae\u7a0b\u4e2d\uff0c\u78b0\u70b9\u706b\u82b1\uff0c\u505a\u4e9b\u521b\u610f\uff0c\u6216\u8005\u95f2\u7740\u6ca1\u4e8b\u773a\u671b\u5927\u6d77\u3001\u9065\u671b\u84dd\u5929\u4e5f\u597d\u3002<\/p>\n<p>I am a dreamer because I like to live in my dreams. The outside world is splendid, but nothing compares to the purity and interest of my world. I enjoy solitude, but I don&#8217;t reject socializing; I have social anxiety, yet I&#8217;m willing to interact with interesting people. Eating and drinking are not on my agenda; I prefer to spark some ideas, create something, or simply gaze at the sea and the blue sky when I have nothing to do.<\/p>\n<p>Soy un so\u00f1ador, porque me gusta vivir en mis sue\u00f1os. S\u00e9 que el mundo exterior es fascinante, pero nada es tan puro y divertido como mi propio mundo. Disfruto de la soledad, pero no rechazo la interacci\u00f3n con los dem\u00e1s. Tengo un poco de ansiedad social, pero estoy dispuesto a relacionarme con personas interesantes. Las actividades de comer y beber no est\u00e1n en mi agenda; prefiero chocar ideas, crear algo, o simplemente estar tranquilo mirando el mar o contemplando el cielo azul.<\/p>\n<p>\u4eba\u751f\u4e0d\u8fc73\u4e07\u5929\uff0c\u5c3d\u529b\u591a\u70b9\u6709\u610f\u7684\u4e8b\uff0c\u624d\u4e0d\u6789\u6b64\u751f\u3002<\/p>\n<p>Life is just around 30,000 days long; by striving to do more meaningful things, we can make this life worthwhile.<\/p>\n<p>La vida dura apenas 30,000 d\u00edas; hacer m\u00e1s cosas significativas es la mejor manera de no desperdiciar esta vida.<\/p>\n<p><img decoding=\"async\" class=\"alignnone size-medium wp-image-705\" src=\"http:\/\/austinzhang.com\/wp-content\/uploads\/2024\/03\/5cc0808217d488cb5b0e9b9f87154666-300x300.jpg\" alt=\"\" width=\"300\" height=\"300\" srcset=\"http:\/\/austinzhang.com\/wp-content\/uploads\/2024\/03\/5cc0808217d488cb5b0e9b9f87154666-300x300.jpg 300w, http:\/\/austinzhang.com\/wp-content\/uploads\/2024\/03\/5cc0808217d488cb5b0e9b9f87154666-150x150.jpg 150w, http:\/\/austinzhang.com\/wp-content\/uploads\/2024\/03\/5cc0808217d488cb5b0e9b9f87154666-768x768.jpg 768w, http:\/\/austinzhang.com\/wp-content\/uploads\/2024\/03\/5cc0808217d488cb5b0e9b9f87154666.jpg 940w\" sizes=\"(max-width: 300px) 100vw, 300px\" \/><\/p>\n<p><span style=\"font-weight: 300;\">\u8272\u5f69\u6591\u6595\u7684\u751f\u6d3b\u9700\u6c38\u6046\u8bb0\u5fc6\u3002\u867d\u7136\u6211\u53ef\u4ee5\u611f\u6027\u89c2\u5bdf\u7f8e\u5999\u7684\u751f\u6d3b\u5e76\u5b8c\u7f8e\u53cd\u6620\u4e4b\u7cbe\u534e\uff0c\u53ef\u751f\u547d\u6709\u9650\uff0c\u901a\u8fc7\u955c\u5934\u4e3a\u540e\u4ee3\u53ca\u4e16\u4eba\u7559\u4e0b\u52a8\u4eba\u7684\u65f6\u523b\u663e\u5f97\u6781\u4e3a\u73cd\u8d35\u3002<\/span><\/p>\n<p><span style=\"font-weight: 300;\">\u6bcf\u500b\u4eba\u90fd\u611b\u751f\u6d3b\uff0c\u552f\u6709\u65b9\u5f0f\u4e0d\u540c\u3002\u6211\u8ffd\u5c0b\u81ea\u7531\u3001\u63a2\u5c0b\u63a2\u771f\u8ae6\uff0c\u900f\u8996\u7cbe\u5f69\u4e16\u754c\u3002<\/span><\/p>\n<p><span style=\"font-weight: 300;\">\u6211\u751f\u6d3b\u5728\u611f\u6027\u548c\u7406\u6027\u7684\u885d\u7a81\u4e2d\uff0c\u76f8\u4fe1\u8fd9\u624d\u6709\u610f\u4e49\u3002<\/span><\/p>\n<p>A colorful life needs to be remembered eternally. Although I can emotionally observe the wonderful aspects of life and perfectly reflect its essence, life is limited. Capturing moving moments through the lens of future generations and the world is extremely precious.<\/p>\n<p>Everyone loves life, but each does so in their own way. I seek freedom, explore the truth, and perceive the fascinating world.<\/p>\n<p>Una vida llena de colores necesita ser recordada eternamente. Aunque puedo observar emocionalmente la belleza de la vida y reflejar su esencia de manera perfecta, la vida es limitada, y dejar momentos conmovedores a trav\u00e9s de la lente para las generaciones futuras y el mundo es extremadamente valioso.<\/p>\n<p>Todos aman la vida, pero cada uno lo hace a su manera. Yo busco la libertad y la verdad, y persigo un mundo fascinante.<\/p>\n<p>Vivo en la tensi\u00f3n entre la emoci\u00f3n y la raz\u00f3n, y creo que eso es lo que le da significado a la vida.&#8221;<\/p>\n<p style=\"text-align: left;\"><strong>\u5f35\u66c9\u51ac\u535a\u58eb Dr. Austin Zhang<\/strong><\/p>\n<p style=\"text-align: left;\"><strong>\u6cd5\u5b66\u535a\u58eb\u3001\u4ef2\u88c1\u5458\u3001TEP<\/strong><\/p>\n<p>Ph.D.in Law, Arbitrator<\/p>\n<p style=\"text-align: left;\"><strong>\u89c6\u89c9\u827a\u672f\u5bb6 \u6444\u5f71\u5e08 \u7eaa\u5f55\u7247\u5236\u4f5c\u4eba<\/strong><\/p>\n<p style=\"text-align: left;\"><strong>Visual Artist\uff0cPhotographer\uff0cDocumentary producer<\/strong><\/p>\n<p>Artistas visuales, fot\u00f3grafos, documentalistas<\/p>\n<section style=\"font-size: 12px;\" data-id=\"86372\"><span style=\"font-size: 12px;\">\u68a6\u7684\u89c6\u754c\u6587\u5316\u521b\u610f\u521b\u529e\u4eba\u3001\u987f\u611f\u6570\u5b57\u4f20\u5a92\u8054\u5408\u521b\u529e\u4eba<\/span><\/section>\n<section style=\"font-size: 12px;\" data-id=\"86372\"><span style=\"font-size: 12px;\">\u4e2d\u56fd\u6444\u5f71\u5bb6\u534f\u4f1a\u4f1a\u5458\uff0c\u82f1\u56fd\u7687\u5bb6\u6444\u5f71\u534f\u4f1a\u4f1a\u5458\uff0c\u9999\u6e2f\u6444\u5f71\u5b66\u4f1a\u4f1a\u5458<\/span><\/section>\n<section style=\"font-size: 12px;\" data-id=\"86372\"><span style=\"font-size: 12px;\">SIPA\uff08\u6cd5\u56fd\uff09\u7b7e\u7ea6\u6444\u5f71\u5e08\u3001CFP\u89c6\u89c9\u4e2d\u56fd\u7b7e\u7ea6\u6444\u5f71\u5e08\uff0c\u4e2d\u56fd\u65c5\u6e38\u7b7e\u7ea6\u6444\u5f71\u5e08\u3001\u4e1c\u65b9IC\u7b7e\u7ea6\u6444\u5f71\u5e08\uff0c\u4e2d\u56fd\u7f51\u56fe\u7247\u4e2d\u5fc3\u7b7e\u7ea6\u6444\u5f71\u5e08\uff0c\u5168\u7403\u7f51\u7b7e\u7ea6\u6444\u5f71\u5e08<\/span><\/section>\n<section style=\"font-size: 12px;\" data-id=\"86372\"><\/section>\n<ul style=\"font-size: 12px;\">\n<li>2015\u5e743\u6708\u64ed\u4e2d\u570b\u651d\u5f71\u51fa\u7248\u793e\u4e00\u7d1a\u6536\u85cf\u54c1\u8b49\u66f8<\/li>\n<li>2015\u5e745\u6708\u64ed\u4e2d\u570b\u651d\u5f71\u51fa\u7248\u793e\u4e8c\u7d1a\u6536\u85cf\u54c1\u8b49\u66f8<\/li>\n<li>2015\u5e749\u6708\u7372\u5f97\u5e73\u9059\u570b\u969b\u651d\u5f71\u5927\u5c55\u201c\u512a\u79c0\u651d\u5f71\u756b\u518a\u734e\u201d<\/li>\n<li>2016\u5e742\u6708\u65ac\u7372\u5929\u6d25\u694a\u67f3\u9752\u7b2c\u4e8c\u5c46\u6c11\u4fd7\u651d\u5f71\u5c55\u201c\u5c55\u89bd\u512a\u79c0\u734e\u201d<\/li>\n<li>2016\u5e747\u6708\u83b7\u8058\u4f0a\u6625\u9996\u5c4a\u4e2d\u56fd\u81ea\u7136\u751f\u6001\u56fd\u9645\u6444\u5f71\u5c55\u827a\u672f\u4e13\u5bb6<\/li>\n<\/ul>\n<p><span style=\"font-size: 12px;\">\u500b\u5c55\uff1a<\/span><\/p>\n<ul style=\"font-size: 12px;\">\n<li>2015\u5e748\u6708\u5317\u4eac798\u85dd\u8853\u5712\u5340\u300a\u5982\u5922\u7684\u8996\u754c\u300b<\/li>\n<li>2015\u5e748\u6708\u5927\u7406\u300a\u7f8e\u7684\u81ea\u7136\u300b<\/li>\n<li>2015\u5e749\u6708\u5e73\u9059\u300a\u751f\u6d3b\u5728\u53e4\u5df4\u300b<\/li>\n<li>2016\u5e742\u6708\u5929\u6d25\u694a\u67f3\u9752\u300a\u54c8\u74e6\u90a3\u8ff7\u5922\u300b<\/li>\n<li>2016\u5e743\u6708\u9999\u6e2f\u201c\u8d70\u5165\u651d\u5f71\u5bb6\u7684\u5922\u60f3\u4e16\u754c\u201d\u8b80\u8005\u898b\u9762\u6703<\/li>\n<li>2016\u5e743\u6708\u897f\u5b89\u300a\u5922\u7684\u4e09\u90e8\u66f2\u300b<\/li>\n<li>2016\u5e747\u6708\u5b9c\u6625\u300a\u5922\u5230\u9748\u9b42\u68f2\u606f\u300b\uff08\u4e2d\u570b\u651d\u5354\uff09<\/li>\n<li>2016\u5e749\u6708\u6b66\u6f22\u300a\u5922\u300b\uff08\u842c\u6797\u73fe\u4ee3\u85dd\u8853\u535a\u7269\u9928\uff09<\/li>\n<\/ul>\n<div>\n<p><span style=\"font-size: 12px;\">\u90e8\u5206\u89c6\u89c9\u4f5c\u54c1\uff1a<\/span><\/p>\n<p>\u300a\u68a6\u5f52\u7075\u9b42\u6816\u606f\u5730\u300b\uff08\u51b0\u5c9b\uff09\u3001\u300a\u54c8\u74e6\u90a3\u8ff7\u68a6\u300b\uff08\u53e4\u5df4\uff09\u3001\u300a\u547c\u4f26\u8d1d\u5c14\u68a6\u8bed\u300b\u3001\u300a\u5c9b\u4e2d\u62fe\u68a6\u300b\uff08\u65b0\u897f\u5170\uff09\u3001\u300a\u5c3c\u56fd\u91c7\u68a6\u300b\uff08\u5c3c\u6cca\u5c14\uff09\u3001\u300a\u7f57\u9a6c\u68a6\u8ff9\u300b\uff08\u610f\u5927\u5229\uff09\u3001\u300a\u68a6\u4f34\u6e2f\u5c9b\u300b\uff08\u9999\u6e2f\uff09\u3001\u300a\u68a6\u968f\u53f0\u5317\u300b\u3001\u300a\u68a6\u9047\u4e1c\u4eac\u300b\u3001\u300a\u68a6\u5883\u820d\u592b\u6c99\u4e07\u300b\uff08\u6469\u6d1b\u54e5\uff09<\/p>\n<p><span style=\"font-size: 12px;\">\u90e8\u5206<\/span><span style=\"font-size: 12px;\">\u51fa\u7248\u7269\uff1a<\/span><\/p>\n<ul style=\"font-size: 12px;\">\n<li><span style=\"font-weight: 300;\">\u300a\u5982\u5922\u7684\u8996\u754c\u300b\u4e2d\u570b\u651d\u5f71\u51fa\u7248\u793e\uff082015\uff09<\/span><\/li>\n<li>\u300a\u54c8\u74e6\u90a3\u8ff7\u68a6\u300b\u4e2d\u56fd\u6444\u5f71\u51fa\u7248\u793e\uff082018\uff09<\/li>\n<li>\u300a\u54c8\u74e6\u90a3\uff0c\u6211\u7684\u670b\u53cb\u300b\u5927\u65d7\u51fa\u7248\u793e\uff082018\uff09<\/li>\n<li>\u300a\u628a\u5fc3\u4e22\u5728\u54c8\u74e6\u90a3\u300b2024\u5e74\u51fa\u7248<\/li>\n<\/ul>\n<p>TC Group\/\u767e\u7eb3\u5168\u7403\u5f81\u4fe1\u548c\u8c03\u67e5\u521b\u59cb\u5408\u4f19\u4eba<\/p>\n<p>\u56fd\u5bb6\u9ad8\u7aef\u667a\u5e93\u6b66\u6c49\u5927\u5b66\u56fd\u9645\u6cd5\u6cbb\u7814\u7a76\u9662\u517c\u804c\u7814\u7a76\u5458<\/p>\n<p>\u6b66\u6c49\u5927\u5b66\u56fd\u9645\u6cd5\u7814\u7a76\u6240\u517c\u804c\u6559\u6388<\/p>\n<p>\u4e2d\u56fd\u56fd\u9645\u79c1\u6cd5\u5b66\u4f1a\u5e38\u52a1\u7406\u4e8b<\/p>\n<p>\u82f1\u56fd\u56fd\u9645\u7814\u7a76\u5b66\u4f1a\u4f1a\u5458\uff08BISA\uff09<\/p>\n<p>\u90e8\u5206\u51fa\u7248\u7269\uff1a<\/p>\n<p>\u300a\u57fa\u91d1\u4f1a\u6cd5\u5f8b\u7814\u7a76\u300b\u300a\u57fa\u91d1\u4f1a\u6cd5\u5206\u6790\u4e0e\u6bd4\u8f83\u300b\u300a\u79bb\u5cb8\u4e1a\u52a1\u64cd\u4f5c\u6307\u5f15\u300b\u300aCRS\u6cd5\u5f8b\u5206\u6790\u300b\u300a\u65b0\u6240\u5f97\u7a0e\u6cd5\u89e3\u6790\u300b\u7cfb\u5217 \u7b4920\u90e8\u6cd5\u5f8b\u3001\u91d1\u878d\u3001\u7a0e\u6536\u3001\u89c6\u89c9\u827a\u672f\u548c\u6587\u5b66\u8457\u4f5c\u3002<\/p>\n<p>&nbsp;<\/p>\n<p>&nbsp;<\/p>\n<p style=\"font-size: 12px; text-align: center;\"><a title=\"\u5f35\u66c9\u51ac_Austin\" href=\"http:\/\/weibo.com\/1915437172\/profile?topnav=1&amp;wvr=6&amp;is_all=1#_rnd1464151146335\" target=\"_blank\" rel=\"noopener\"><br \/>\n<img decoding=\"async\" style=\"border: 0px; margin-left: 20px;\" title=\"\u5f35\u66c9\u51ac_Austin\" src=\"http:\/\/www.austinzhang.com\/wp-content\/uploads\/2011\/12\/weibo.png\" alt=\"\u5f35\u66c9\u51ac_Austin\" width=\"20\" height=\"20\" \/><\/a> <a title=\"Mailto Austin\" href=\"mailto:photoman2010@foxmail.com\" target=\"_blank\" rel=\"noopener\"><img decoding=\"async\" style=\"border: 0px; margin-left: 20px;\" title=\"mailto:photoman2010@foxmail.com\" src=\"http:\/\/www.austinzhang.com\/wp-content\/uploads\/2016\/06\/email.png\" alt=\"mailto:photoman2010@foxmail.com\" width=\"20\" height=\"20\" \/><\/a><\/p>\n<\/div>\n","protected":false},"excerpt":{"rendered":"<p>\u4e00\u4e2a\u6cd5\u5b66\u535a\u58eb\uff0c\u4e00\u4e2a\u89c6\u89c9\u521b\u610f\u8005\uff0c\u4e00\u4e2a\u4e0d\u6e05\u695a\u8de8\u4e86\u591a\u5c11\u754c\u5b66\u8005\uff0c\u6211\u662f\u4e00\u4e2a\u5206\u88c2\u7684\u4eba\u3002 I  &hellip; <a href=\"http:\/\/austinzhang.com\/?page_id=2\">\u7ee7\u7eed\u9605\u8bfb <span class=\"meta-nav\">&rarr;<\/span><\/a><\/p>\n","protected":false},"author":1,"featured_media":0,"parent":0,"menu_order":1,"comment_status":"closed","ping_status":"closed","template":"sidebar-page.php","meta":{"lazy_load_responsive_images_disabled":false},"_links":{"self":[{"href":"http:\/\/austinzhang.com\/index.php?rest_route=\/wp\/v2\/pages\/2"}],"collection":[{"href":"http:\/\/austinzhang.com\/index.php?rest_route=\/wp\/v2\/pages"}],"about":[{"href":"http:\/\/austinzhang.com\/index.php?rest_route=\/wp\/v2\/types\/page"}],"author":[{"embeddable":true,"href":"http:\/\/austinzhang.com\/index.php?rest_route=\/wp\/v2\/users\/1"}],"replies":[{"embeddable":true,"href":"http:\/\/austinzhang.com\/index.php?rest_route=%2Fwp%2Fv2%2Fcomments&post=2"}],"version-history":[{"count":6,"href":"http:\/\/austinzhang.com\/index.php?rest_route=\/wp\/v2\/pages\/2\/revisions"}],"predecessor-version":[{"id":851,"href":"http:\/\/austinzhang.com\/index.php?rest_route=\/wp\/v2\/pages\/2\/revisions\/851"}],"wp:attachment":[{"href":"http:\/\/austinzhang.com\/index.php?rest_route=%2Fwp%2Fv2%2Fmedia&parent=2"}],"curies":[{"name":"wp","href":"https:\/\/api.w.org\/{rel}","templated":true}]}}